 of 1 - 4 - (14 - 1 - 30)?
14
What is 6 + 17 + (9 + -2 - 12)?
18
-2 + ((-2 - 5) + 7 - (0 - 13))
11
What is the value of 10 - (5 - (-12 - (11 + -5)))?
-13
What is the value of 54 + 27 + -41 + -17?
23
Calculate 2 + 3 + -7 + -7 + 24.
15
Calculate -2 + -18 + 2 - (-9 + -15 + 21).
-15
What is (-8 + 43 - 4) + -17?
14
What is (-11 - -1) + (3 - (1 - (-1 + 1)))?
-8
What is the value of 14 + -8 + -10 + 16 + (2 - -2)?
16
What is 89 + -88 - (4 - -1)?
-4
Evaluate (3 - (-1 + 3) - (7 - 6)) + 14.
14
Calculate 2 - (4 + (67 - 71) + (-1 - -3)).
0
Evaluate 1 - -7 - (-603 + 620).
-9
What is the value of 0 + (0 - (-15 + 13 + -4)) + -12?
-6
(4 + 23 + 3 - (45 + -50)) + -9
26
Evaluate (5 - 6) + 8 - (25 - 11).
-7
Evaluate 0 + 5 - (-3 + 22 + -28).
14
What is the value of 6 + -2 - (43 - 7 - 8)?
-24
Calculate 4 + (-6 - (10 + (-2 - 3))) + -2.
-9
Evaluate -11 + 53 + 5 + -6 + -1 + -4.
36
-10 + -12 - (80 - 82)
-20
Calculate 3 - (6 + 1 - 9) - 0.
5
What is 3 + 5 + -38 + 17?
-13
1 + 4 + (-15 - (-1 + 7))
-16
Calculate 25 + -9 + -5 - (-3 - -4 - 6).
16
-11 - 0 - (-36 + 32)
-7
Evaluate -17 + -9 + (-5 - (9 + -18) - -4).
-18
-2 + -5 - (7 - (29 - 3))
12
What is 3 + -5 - (-54 + 38)?
14
What is the value of -2 + 41 - (129 - 109)?
19
Evaluate 12 + -3 + (-35 - -36).
10
-632 + 607 - (-1 - -1)
-25
-5 + 7 + -26 + -100 + 102
-22
What is the value of (29 - 1) + (-18 + 26 - 18)?
18
-9 - (6 - 21) - 15
-9
Calculate -22 - (-24 + (-1 - -7) + 5).
-9
Calculate 2 + (17 - 4) - 6 - (61 + -31).
-21
What is -42 + -41 + 47 - (-1 + -6)?
-29
What is 7 - ((8 - 14) + 10 - (-2 - -2))?
3
What is the value of -23 - ((-9 - (2 - 6 - -2)) + 0)?
-16
Calculate -30 + 5 + 1 + 10.
-14
What is -1 + 11 + (0 - 4) + -6 + -13?
-13
Calculate -1 + -35 - (42 - 33) - -9 - -4.
-32
What is 2 - (-5 + (0 - (13 - 8)) - 6)?
18
19 - -5 - (200 + -184)
8
What is the value of 11 - ((6 - 0) + 3) - -1?
3
What is 6 + (4 - 22) - (-89 - -77)?
0
Calculate 9 + (-5 - 7) - -10.
7
Evaluate 23 + -36 + (-2 + 7 - (-6 + 6)).
-8
Calculate -2 + (-14 - (-18 - -5)) + 18.
15
Evaluate -25 - (-15 - (-11 + -9)).
-30
Evaluate -231 + 208 - (1 - 0).
-24
What is -1 + 40 + -16 - 8?
15
What is -518 - -549 - (3 - -2)?
26
-1 + -11 + 8 + -6 + 1
-9
Evaluate -4 + 24 + -19 + 5 + 1.
7
What is 12 - (45 + -14 - 7)?
-12
-2 + (4 - -2) + 4 - 2
6
What is 18 - ((-18 - -31) + (0 - 2))?
7
What is -20 - ((-23 - -6) + -21)?
18
What is -6 + 0 + (-7 + 4 - -12) + -8?
-5
What is the value of -11 - (-10 + 7 + -1) - (-13 - -2)?
4
Calculate 0 - -4 - (23 - 8) - (-4 + 5).
-12
What is the value of 2168 + -2160 + 3 + (-3 - -2) + -44?
-34
Calculate (12 + -11 - -14) + -10.
5
3 - (-8 - (-4 + (-1 - 3)))
3
Calculate -1 - -8 - (-5 + 10) - -12.
14
Evaluate 5 + -10 - -10 - (3 - (1 + 0)).
3
4 + (-13 + 16 - 5)
2
What is the value of -1 + 4 - (-39 + 33)?
9
128 + -133 + 0 + -1 - 8 - 9
-23
Calculate -5 - (-2 + 2) - (124 + -147) - 3.
15
What is 5 - (-7 - -19) - 9?
-16
0 - 3 - (73 + -84)
8
Evaluate -59 + -4 - (-12 + -4) - -17.
-30
What is (6 - 7) + -4 + (-2 - (-10 - -4))?
-1
Evaluate 21 + -34 - 1 - (3 - 2 - 3).
-12
What is (26 - 99) + 38 + 13?
-22
What is the value of (16 + (-14 - 0) - (-2 - 1)) + 3?
8
What is the value of 23 + (-1 - (13 - 15))?
24
15 + (-7 - 4) + 16 + -9
11
What is -13 + 11 + 2 + -15 + (-2 - -1)?
-16
Evaluate -4 - -15 - (3 - (15 + -8)).
15
What is the value of -8 + (-1 - 0) - (7 + -17) - 15?
-14
Evaluate -11 + (-10 - -34) + -15.
-2
12 + (4 - -9 - 7) + -3 + -4
11
What is (4 - (20 - 24)) + (-1 - 8)?
-1
What is (-16 - -3) + (22 - 9)?
0
What is the value of 8 + -1 + 12 + -6 + 10?
23
(22 - 20) + 0 + -8 + 0
-6
Evaluate 484 + -507 - (0 + 3 + 1 + 3).
-30
What is the value of (3 - -21) + (-13 - 19 - -30)?
22
-1 + (4 - (2 + (7 - 14)))
8
73 + -7 + -34 - 11
21
What is 13 - (14 - -9) - -7?
-3
Evaluate 3 - 0 - (14 - 8 - -3).
-6
Evaluate 13 + -2 - 17 - -1.
-5
What is the value of 5 - 1 - (0 + 1 + 3 + -6)?
6
What is (72 - 90 - (-4 + 1)) + 30?
15
What is the value of -7 - -4 - -10 - (21 - 10 - -2)?
-6
Evaluate (3 - (4 + 8)) + (98 - 103).
-14
Calculate 10 - (3 + (6 - 13)).
14
Evaluate -2 + 14 + (-1 - 9) - 25.
-23
6 - 0 - ((9 - 13) + 2)
8
(-5 - (3 - 1)) + (46 - 7 - 18)
14
Evaluate -10 + -2 + (15 + -6 + 2 - -9).
8
(2 - 28) + (-9 - -23) + -6
-18
What is the value of 14 + 2 + (1 - (15 - 2))?
4
What is the value of (-6 - -15) + -4 + 15 - (-2 - -9)?
13
(16 - -1) + (-168 - -150)
-1
Evaluate -2 - (-13 - (-17 - -5)).
-1
What is the value of 5 + 9 - (-1 + 5) - -4?
14
What is the value of (-7 + 20 - (-29 - -25)) + -40?
-23
Calculate 1 - (5 + -16 + 6 + 3 - -8).
-5
Evaluate 2 + 3 + -4 + 6 + -19 - -5.
-7
What is 3 + (-8 - (-10 - 3)) - (-2 + 1)?
9
-1 + -11 + (65 - 20) + -7
26
Evaluate (1 + 3 - 3) + (7 + -9 - 11).
-12
(0 - (0 + 1)) + (-16 - (37 + -47))
-7
Calculate 10 - 7 - -6 - (20 + -5) - -8.
2
Evaluate 1 + 2 + (-79 - -69) + 16.
9
Evaluate 2 + (8 - (-6 + 13)).
3
Calculate 33 + (19 - 28 - 10) + 10.
24
(-19 - -9) + 24 + -5 - 13
-4
What is -72 + 85 - (2 + -4 + 7)?
8
Evaluate 378 - 363 - (14 - 2).
3
What is 62 + -68 + (6 - 4)?
-4
-3 - (-2 + 2) - ((-9 - -17) + -19)
8
-6 + (-3 - -8) - (-4 - (-7 - 16))
-20
Calculate -19 + -20 + 23 - -34.
18
What is (2 + -1 + -7 - -13) + (2 - 1)?
8
What is the value of (57 - 22) + (-3 - 14)?
18
Calculate 111 + -112 - (2 - 0).
-3
Calculate -11 - (9 + -12) - -15 - (28 - 2).
-19
What is the value of 58 - 45 - (4 + (-1 - 7) - -7)?
10
Evaluate -17 + -1 + (-89 + 67 - -66).
26
What is 16 - (9 - (22 - (2 + -1)))?
28
Calculate 15 - (8 + 0 - 1) - 5.
3
Calculate 14 + (-17 - -22 - (-1 - -2)) + -1.
17
Calculate -2 - -4 - (16 + -42 + 21 + -11).
18
What is the value of -3 + 2 - 2 - (27 + -4 + -17)?
-9
What is (-791 - -752) + (0 - -26)?
-13
Evaluate -5 + (5 + 3 - 8 - -4).
-1
Evaluate 0 + -4 - (-5 + 1 - (3 - 8)).
-5
Evaluate 17 + -31 + 11 + (2 - 2) + -8.
-11
What is -81 + 113 - (5 + 24)?
3
(-9 - (6 + (-1 - -6))) + -3 + 0
-23
What is the value of -17 + 16 + 20 - (7 - 1 - -5)?
8
What is -9 + 17 - 10 - (-9 + 5 + 0)?
2
Evaluate -20 + (-5 + 13 - -8) - 12.
-16
Calculate (5 - (-6 + 5) - -13) + -10.
9
-5 + 7 + -11 + 4
-5
Evaluate -29 + 39 - (1 - -7).
2
What is (-2 - -2) + -5 + 11 + 2 + -1?
7
7 + -3 - -3 - (8 - 4)
3
Evaluate 0 + 2 + 3 + 0 + -9.
-4
Calculate 21 - (-4 + 6) - 19.
0
Calculate 21 + -27 + 38 + -18.
14
What is -1 + 5 - ((3 - 5 - -17) + 0)?
-11
Evaluate 1 + (-18 - (-10 + 0 - -1)) + 16.
8
What is 1 + (24 - 8) + 18 + -3?
32
What is the value of 7 + (35 + 2 - 34)?
10
Calculate -685 - -672 - (29 - 1).
-41
What is (-68 - -68) + (-2 - 12)?
-14
What is the value of (4 + 2 - -16 - 13) + -6?
3
Evaluate -3 + 2 - (-8 - (-13 + 8)).
2
Calculate -14 + (-6 - (-10 + -2)) + -18 + 8.
-18
-7 + (9 + -11 - -4)
-5
What is the value of (7 - 0 - 10) + -1 + -5 + 9?
0
(-13 - (-6 - (-13 - (-2 - 5)))) + -1
-14
-4 - (-5 - 3) - (-29 + 20)
13
What is the value of -14 - (-12 - 13) - -5?
16
Evaluate 7 - (5 + 4 + -14) - 6.
6
Calculate (-5 + 11 - 4) + -6 - (-1 - 5).
2
Calculate 2 + -7 + (1 - -11).
7
What is the value of 6 + -28 + (16 - 2)?
-8
Evaluate (-35 - (-20 + 0)) + -3.
-18
What is -10 - ((5 - 44) + 8 + 9)?
12
What is the value of (0 + 17 - 0) + 548 + -559?
6
Evaluate (2 - -6) + (-4 - (5 + -4)).
3
Evaluate -5 - (-2 - -3) - (-15 - (31 + -37)).
3
10 - (-1 - -9 - -7) - (-13 + 1)
7
Calculate 17 + -19 + 15 - 9.
4
-15 + (21 - -11) + -9 + (-6 - 1)
1
Evaluate (-372 - -371 - (0 - (10 + 1))) + 4.
14
What is -1 - (44 + -8 + -23)?
-14
Calculate (-7 + 14 - 9) + -5 + (-8 - -34).
19
Evaluate -5 + (7 - (14 - 16)).
4
What is 13 - (3 - (3 - -3)) - (255 + -262)?
23
Calculate 38 + -46 - (5 - -3).
-16
(17 - ((-1 - 0) + -6)) + -7 + -8
9
What is the value of -18 + 13 + (5 - (-15 - (-3 + 3)))?
15
(-103 + 99 - (4 - 0)) + (-1 - -1)
-8
What is the value of 0 + 1 - 18 - (1 + (1 - 8))?
-11
Calculate (62 - (23 + 57)) + -18 + 1.
-35
What is the value of 4 + 1 + (0 - 13) + -279 + 278?
-9
Evaluate -32 + (-2 - -2) + 1133 + -1132.
-31
Evaluate 6 - 0 - (-17 + 17 + 28).
-22
What is the value of -3 - 1 - (29 - (39 - -4) - 21)?
31
What is -5 + ((-12 - -21) + -7 - 11)?
-14
What is the value of -11 - (-23 - -8) - 2?
2
What is the value of -17 + 63 + -6 + -19?
21
What is 4 - (-3 - -10) - (2 + -8)?
3
-33 + 28 - (-1 - -1) - -21
16
What is the value of 13 + (-34 + 17 - (-24 - -9))?
11
74 - 59 - (2 + (0 - -1))
12
31 + -31 - (2 - ((-3 - -2) + 5))
2
What is the value of (0 - -11) + 2 + -6